1068 a factor of 23567990?
False
Is 1157929411 a multiple of 34?
False
Is 13 a factor of 47802723?
False
Is 2486 a factor of 47002802?
True
Is 119285408 a multiple of 33?
False
Does 13 divide 37406122?
True
Is 21125587 a multiple of 7?
True
Is 23 a factor of 5571249637?
False
Is 1108 a factor of 5354964?
True
Is 85 a factor of 2960805?
True
Does 105 divide 52595760?
True
Does 29 divide 108241959?
False
Does 56 divide 9498098?
False
Is 1140799830 a multiple of 2417?
True
Is 19 a factor of 346045582?
False
Is 1031 a factor of 26221268?
False
Is 3437 a factor of 56394296?
True
Does 551 divide 95964364?
True
Is 8894 a factor of 229002712?
True
Is 22 a factor of 13931478?
True
Does 5 divide 1250632659?
False
Does 1361 divide 88132916?
True
Does 1843 divide 1279641816?
False
Is 98389676 a multiple of 28?
True
Is 1039218 a multiple of 44?
False
Is 111 a factor of 620276658?
True
Is 1757 a factor of 32588836?
True
Does 205 divide 12149982?
False
Is 17238606 a multiple of 11?
True
Does 27 divide 607604619?
False
Is 512895474 a multiple of 714?
True
Is 29406466 a multiple of 8?
False
Is 34918399 a multiple of 1551?
False
Is 36 a factor of 98973121?
False
Is 8868123 a multiple of 6?
False
Does 631 divide 59869280?
True
Is 1562 a factor of 391445010?
True
Is 92847274 a multiple of 34?
False
Is 12305160 a multiple of 570?
True
Does 1021 divide 3256234?
False
Is 105 a factor of 71522535?
True
Is 5 a factor of 193242272?
False
Does 19 divide 348803349?
True
Is 114433998 a multiple of 14?
True
Does 1418 divide 1119949162?
True
Is 3845520 a multiple of 872?
True
Is 13 a factor of 645924065?
False
Is 5264 a factor of 1453200896?
True
Is 6 a factor of 77891899?
False
Does 908 divide 1523932720?
True
Is 2999 a factor of 137179400?
False
Does 49 divide 21224399?
True
Is 29355202 a multiple of 3?
False
Is 7752170 a multiple of 170?
True
Is 1377 a factor of 2623215898?
False
Does 10 divide 124080200?
True
Is 34928824 a multiple of 139?
False
Does 4209 divide 246601091?
False
Does 33 divide 1270173446?
False
Is 4310 a factor of 659649810?
True
Is 152687343 a multiple of 3?
True
Is 2340 a factor of 59376650?
False
Does 101 divide 2291303675?
True
Does 41 divide 255340251?
True
Does 11 divide 162325042?
True
Is 166 a factor of 332146899?
False
Is 2785440330 a multiple of 10?
True
Is 2312544 a multiple of 96?
True
Is 989968048 a multiple of 16?
True
Is 146 a factor of 1188413428?
True
Does 182 divide 4651781?
False
Is 646 a factor of 457492678?
True
Is 174243232 a multiple of 3028?
True
Does 652 divide 622718185?
False
Is 15 a factor of 13088881?
False
Is 1122837743 a multiple of 18?
False
Does 936 divide 529600032?
True
Is 657115074 a multiple of 14?
True
Does 50 divide 2034481665?
False
Is 27 a factor of 6366627216?
True
Is 590 a factor of 50247940?
True
Does 13658 divide 2457060542?
True
Is 21 a factor of 15032469?
False
Does 1253 divide 885357469?
False
Is 3370108820 a multiple of 6081?
False
Does 365 divide 41731721?
False
Does 2185 divide 863920999?
False
Does 967 divide 2717667437?
True
Does 7873 divide 566675645?
False
Does 2109 divide 300093329?
False
Is 1865 a factor of 38380704?
False
Is 72027632 a multiple of 1999?
False
Is 215 a factor of 1786528740?
True
Does 118 divide 924596879?
False
Does 778 divide 1102472980?
False
Is 379994623 a multiple of 109?
False
Does 13 divide 24177816?
True
Is 36768597 a multiple of 22?
False
Is 69 a factor of 49265282?
False
Is 25 a factor of 10836025?
True
Is 69371898 a multiple of 2325?
False
Does 154 divide 130175732?
False
Is 766 a factor of 14253728?
True
Is 799362 a multiple of 262?
True
Does 47 divide 45123243?
True
Is 679442386 a multiple of 17?
False
Is 4 a factor of 790810663?
False
Does 582 divide 57831012?
True
Is 118 a factor of 3779628382?
True
Is 708373024 a multiple of 586?
False
Is 13 a factor of 138712381?
False
Is 41976515 a multiple of 5?
True
Is 7213948 a multiple of 62?
True
Does 867 divide 41353299?
True
Is 31 a factor of 38295478?
True
Does 74 divide 85778802?
True
Does 1036 divide 212998492?
True
Does 27 divide 635634?
True
Is 3617 a factor of 2550806059?
True
Is 4435080 a multiple of 3?
True
Is 7578558 a multiple of 18?
True
Does 641 divide 4927134317?
True
Is 343 a factor of 2198153230?
True
Is 262 a factor of 2815939648?
False
Is 583307320 a multiple of 404?
True
Does 679 divide 38711387?
False
Is 1072 a factor of 339092564?
False
Is 53 a factor of 480731879?
False
Does 10 divide 71134010?
True
Is 43631253 a multiple of 63?
False
Is 201545726 a multiple of 3361?
True
Is 443 a factor of 226400466?
True
Is 35 a factor of 24455130?
True
Does 2758 divide 690462272?
False
Is 77 a factor of 86684734?
False
Is 706710025 a multiple of 1913?
True
Is 1455 a factor of 196398198?
False
Is 500847376 a multiple of 16?
True
Is 1250 a factor of 327966250?
True
Is 6 a factor of 12896043?
False
Is 2186328588 a multiple of 102?
True
Is 522 a factor of 17768358?
True
Is 595137108 a multiple of 20?
False
Is 33979149 a multiple of 602?
False
Is 144230610 a multiple of 30?
True
Is 748 a factor of 38901462?
False
Does 7 divide 45469214?
True
Is 1233556522 a multiple of 167?
True
Is 205 a factor of 650255490?
True
Is 25647830 a multiple of 2158?
True
Is 322 a factor of 28046081?
False
Does 1913 divide 54344049?
False
Does 458 divide 416367342?
True
Is 232981485 a multiple of 11?
True
Does 689 divide 3592170400?
True
Does 5 divide 28629650?
True
Does 266 divide 8996918?
True
Does 2189 divide 79598607?
True
Does 35 divide 24011120?
True
Is 15911645 a multiple of 355?
False
Is 59748942 a multiple of 1726?
True
Is 274384931 a multiple of 98?
False
Is 478543309 a multiple of 57?
False
Is 555 a factor of 280086020?
False
Does 36 divide 94512888?
True
Does 42 divide 2218874027?
False
Is 874 a factor of 121621194?
False
Is 181255965 a multiple of 7095?
True
Is 38 a factor of 1235870?
False
Is 17 a factor of 122383459?
True
Is 33 a factor of 4306797?
True
Is 3380931 a multiple of 8?
False
Is 15147522 a multiple of 922?
False
Does 96 divide 11670357?
False
Does 219 divide 1692367176?
True
Does 2513 divide 442421189?
True
Is 50979216 a multiple of 383?
False
Is 511246485 a multiple of 27?
True
Is 462897792 a multiple of 504?
True
Does 19 divide 1705147?
False
Does 63 divide 28451518?
False
Is 3684238 a multiple of 37?
True
Is 190123776 a multiple of 922?
True
Is 41001541 a multiple of 1193?
False
Does 371 divide 5319408?
False
Is 17913141 a multiple of 23?
False
Is 647922487 a multiple of 35?
False
Does 456 divide 2013132384?
True
Is 39 a factor of 372996?
True
Is 29 a factor of 51316602?
True
Is 23 a factor of 113069047?
False
Is 568 a factor of 800835696?
True
Is 105607263 a multiple of 461?
True
Is 309133767 a multiple of 93?
True
Does 2067 divide 401887876?
False
Is 955 a factor of 12222090?
True
Is 336926375 a multiple of 294?
False
Is 81704064 a multiple of 4056?
True
Is 11277825 a multiple of 10?
False
Is 1323 a factor of 3081759156?
True
Is 9 a factor of 148397085?
True
Is 316198654 a multiple of 947?
False
Is 263 a factor of 645949040?
True
Is 774 a factor of 1747435242?
False
Is 65 a factor of 5172505?
True
Is 343145591 a multiple of 78?
False
Is 2657775755 a multiple of 887?
True
Is 98832899 a multiple of 29?
True
Does 6 divide 114229714?
False
Is 1999 a factor of 19592199?
True
Is 43783218 a multiple of 375?
False
Is 42 a factor of 38507490?
True
Does 54 divide 109674?
True
Does 385 divide 426314735?
True
Is 8 a factor of 122926329?
False
Is 239952709 a multiple of 12?
False
Is 34414344 a multiple of 36?
True
Is 1812237144 a multiple of 15?
False
Does 121 divide 61142268?
True
Is 41 a factor of 259204829?
True
Is 4699174 a multiple of 449?
False
Is 117 a factor of 210710364?
False
Is 6 a factor of 25776578?
False
Is 241326431 a multiple of 8?
False
Is 1832 a factor of 3514930160?
True
Is 40 a factor of 44532984?
False
Does 139 divide 2857701?
True
Does 17 divide 6196577?
False
Does 148 divide 79023757?
False
Does 33 divide 19618665?
True
Is 606393566 a multiple of 235?
False
Does 57 divide 9666288?
True
Is 617 a factor of 21638566?
False
Is 59708920 a multiple of 40?
True
Is 1575 a factor of 35969329?
False
Is 2102790 a multiple of 82?
False
Is 399 a factor of 138479052?
False
Is 29762081 a multiple of 1962?
False
Do